{"id":471,"date":"2019-09-18T12:48:11","date_gmt":"2019-09-18T10:48:11","guid":{"rendered":"https:\/\/www.hqwargames.com\/?page_id=471"},"modified":"2021-05-10T12:47:19","modified_gmt":"2021-05-10T10:47:19","slug":"thirty-years-war-es","status":"publish","type":"page","link":"https:\/\/www.hqwargames.com\/index.php\/thirty-years-war-es\/","title":{"rendered":"Thirty Years War esp"},"content":{"rendered":"\t\t<div data-elementor-type=\"wp-page\" data-elementor-id=\"471\" class=\"elementor elementor-471\">\n\t\t\t\t\t\t<div class=\"elementor-inner\">\n\t\t\t\t<div class=\"elementor-section-wrap\">\n\t\t\t\t\t\t\t\t\t<section class=\"elementor-section elementor-top-section elementor-element elementor-element-daad12f elementor-section-stretched elementor-section-boxed elementor-section-height-default elementor-section-height-default\" data-id=\"daad12f\" data-element_type=\"section\" data-settings=\"{&quot;stretch_section&quot;:&quot;section-stretched&quot;}\">\n\t\t\t\t\t\t<div class=\"elementor-container elementor-column-gap-default\">\n\t\t\t\t\t\t\t<div class=\"elementor-row\">\n\t\t\t\t\t<div class=\"elementor-column elementor-col-100 elementor-top-column elementor-element elementor-element-fbec7d2\" data-id=\"fbec7d2\" data-element_type=\"column\">\n\t\t\t<div class=\"elementor-column-wrap elementor-element-populated\">\n\t\t\t\t\t\t\t<div class=\"elementor-widget-wrap\">\n\t\t\t\t\t\t<div class=\"elementor-element elementor-element-1424cc6 elementor-widget elementor-widget-image\" data-id=\"1424cc6\" data-element_type=\"widget\" data-widget_type=\"image.default\">\n\t\t\t\t<div class=\"elementor-widget-container\">\n\t\t\t\t\t\t\t\t<div class=\"elementor-image\">\n\t\t\t\t\t\t\t\t\t\t\t\t<img width=\"600\" height=\"160\" src=\"https:\/\/www.hqwargames.com\/wp-content\/uploads\/2019\/09\/TYW_Game.png\" class=\"attachment-large size-large\" alt=\"\" loading=\"lazy\" srcset=\"https:\/\/www.hqwargames.com\/wp-content\/uploads\/2019\/09\/TYW_Game.png 600w, https:\/\/www.hqwargames.com\/wp-content\/uploads\/2019\/09\/TYW_Game-300x80.png 300w\" sizes=\"(max-width: 600px) 100vw, 600px\" \/>\t\t\t\t\t\t\t\t\t\t\t\t\t\t<\/div>\n\t\t\t\t\t\t<\/div>\n\t\t\t\t<\/div>\n\t\t\t\t<div class=\"elementor-element elementor-element-ba6b8c9 elementor-widget elementor-widget-heading\" data-id=\"ba6b8c9\" data-element_type=\"widget\" data-widget_type=\"heading.default\">\n\t\t\t\t<div class=\"elementor-widget-container\">\n\t\t\t<h1 class=\"elementor-heading-title elementor-size-default\">Thirty Years War<\/h1>\t\t<\/div>\n\t\t\t\t<\/div>\n\t\t\t\t\t\t<\/div>\n\t\t\t\t\t<\/div>\n\t\t<\/div>\n\t\t\t\t\t\t\t\t<\/div>\n\t\t\t\t\t<\/div>\n\t\t<\/section>\n\t\t\t\t<section class=\"elementor-section elementor-top-section elementor-element elementor-element-496c116 elementor-section-stretched elementor-section-boxed elementor-section-height-default elementor-section-height-default\" data-id=\"496c116\" data-element_type=\"section\" data-settings=\"{&quot;stretch_section&quot;:&quot;section-stretched&quot;}\">\n\t\t\t\t\t\t<div class=\"elementor-container elementor-column-gap-default\">\n\t\t\t\t\t\t\t<div class=\"elementor-row\">\n\t\t\t\t\t<div class=\"elementor-column elementor-col-100 elementor-top-column elementor-element elementor-element-1a9f3f6\" data-id=\"1a9f3f6\" data-element_type=\"column\">\n\t\t\t<div class=\"elementor-column-wrap elementor-element-populated\">\n\t\t\t\t\t\t\t<div class=\"elementor-widget-wrap\">\n\t\t\t\t\t\t<div class=\"elementor-element elementor-element-0fc49eb elementor-widget elementor-widget-text-editor\" data-id=\"0fc49eb\" data-element_type=\"widget\" data-widget_type=\"text-editor.default\">\n\t\t\t\t<div class=\"elementor-widget-container\">\n\t\t\t\t\t\t\t\t<div class=\"elementor-text-editor elementor-clearfix\">\n\t\t\t\t<p>Desde la rebeli\u00f3n bohemia hasta la intervenci\u00f3n sueca dirigida por Gustavus Adolphus, desde Dinamarca hasta el Palatinado, los jugadores pueden recrear las Campa\u00f1as de L\u00fctzen, N\u00f6rdlingen y Rocroi. En Thirty Years &#8216;War coordinar\u00e1s los movimientos de varios ej\u00e9rcitos, cuidar\u00e1s de sus suministros y fatiga y buscar\u00e1s las mejores condiciones para combatir, asediar o retirarte para recuperarte si es necesario; con el objetivo final de ganar la supremac\u00eda sobre Europa Central,<\/p><p>Juntas, estas caracter\u00edsticas, combinadas con el probado motor Ageod, hacen de Thirty Years &#8216;War una gran opci\u00f3n para deleitar tanto a los jugadores interesados \u200b\u200ben esta era como a los novatos por igual.<\/p><h2><strong>DESPLIEGUE<\/strong><\/h2><p>El juego cubre toda Europa, desde la costa occidental hasta el Volga, pero los primeros escenarios se centran en Alemania, Dinamarca, partes de Francia, los Pa\u00edses Bajos y Bohemia desde 1618 hasta 1648..<\/p><h2><strong>L\u00cdDERES HISTORICOS\u00a0<\/strong><\/h2><p>\u00a1M\u00e1s de 80 l\u00edderes hist\u00f3ricos, cada uno con sus propias habilidades y m\u00e1s de 160 tipos diferentes de unidades, desde tercios espa\u00f1oles, hasta veteranos de infanter\u00eda escocesa, caballer\u00eda de caballer\u00eda y artiller\u00eda hasta buques de guerra suecos!<\/p><h2><strong>PRODUCCI\u00d3N<\/strong><\/h2><p>Controle el gasto de su naci\u00f3n en el ej\u00e9rcito, la econom\u00eda, la diplomacia y los centros de producci\u00f3n en un sistema f\u00e1cil de entender.<\/p><h2><strong>CARTAS DE DECISIONES REGIONALES<\/strong><\/h2><p>El juego incluye el conocido sistema de cartas que te permite activar eventos como contribuciones, &#8230; estas cartas, si se juegan sabiamente, pueden afectar el flujo de una campa\u00f1a\u200b.<\/p><p><a href=\"https:\/\/store.steampowered.com\/app\/477750\/Thirty_Years_War\/\"><strong>TYW<\/strong> est\u00e1 tambi\u00e9n disponible en <strong>Steam<\/strong><\/a><\/p>\t\t\t\t\t<\/div>\n\t\t\t\t\t\t<\/div>\n\t\t\t\t<\/div>\n\t\t\t\t\t\t<\/div>\n\t\t\t\t\t<\/div>\n\t\t<\/div>\n\t\t\t\t\t\t\t\t<\/div>\n\t\t\t\t\t<\/div>\n\t\t<\/section>\n\t\t\t\t<section class=\"elementor-section elementor-top-section elementor-element elementor-element-d0de397 elementor-section-boxed elementor-section-height-default elementor-section-height-default\" data-id=\"d0de397\" data-element_type=\"section\">\n\t\t\t\t\t\t<div class=\"elementor-container elementor-column-gap-default\">\n\t\t\t\t\t\t\t<div class=\"elementor-row\">\n\t\t\t\t\t<div class=\"elementor-column elementor-col-100 elementor-top-column elementor-element elementor-element-263bab2\" data-id=\"263bab2\" data-element_type=\"column\">\n\t\t\t<div class=\"elementor-column-wrap elementor-element-populated\">\n\t\t\t\t\t\t\t<div class=\"elementor-widget-wrap\">\n\t\t\t\t\t\t<div class=\"elementor-element elementor-element-4abe7bf elementor-widget elementor-widget-image\" data-id=\"4abe7bf\" data-element_type=\"widget\" data-widget_type=\"image.default\">\n\t\t\t\t<div class=\"elementor-widget-container\">\n\t\t\t\t\t\t\t\t<div class=\"elementor-image\">\n\t\t\t\t\t\t\t\t\t\t\t\t<img width=\"1024\" height=\"651\" src=\"https:\/\/www.hqwargames.com\/wp-content\/uploads\/2020\/10\/TYW_008-1024x651.jpg\" class=\"attachment-large size-large\" alt=\"\" loading=\"lazy\" srcset=\"https:\/\/www.hqwargames.com\/wp-content\/uploads\/2020\/10\/TYW_008-1024x651.jpg 1024w, https:\/\/www.hqwargames.com\/wp-content\/uploads\/2020\/10\/TYW_008-300x191.jpg 300w, https:\/\/www.hqwargames.com\/wp-content\/uploads\/2020\/10\/TYW_008-768x488.jpg 768w, https:\/\/www.hqwargames.com\/wp-content\/uploads\/2020\/10\/TYW_008.jpg 1600w\" sizes=\"(max-width: 1024px) 100vw, 1024px\" \/>\t\t\t\t\t\t\t\t\t\t\t\t\t\t<\/div>\n\t\t\t\t\t\t<\/div>\n\t\t\t\t<\/div>\n\t\t\t\t<div class=\"elementor-element elementor-element-6287b5f elementor-widget elementor-widget-image\" data-id=\"6287b5f\" data-element_type=\"widget\" data-widget_type=\"image.default\">\n\t\t\t\t<div class=\"elementor-widget-container\">\n\t\t\t\t\t\t\t\t<div class=\"elementor-image\">\n\t\t\t\t\t\t\t\t\t\t\t\t<img width=\"768\" height=\"432\" src=\"https:\/\/www.hqwargames.com\/wp-content\/uploads\/2020\/10\/TYW_006-768x432.jpg\" class=\"attachment-medium_large size-medium_large\" alt=\"\" loading=\"lazy\" srcset=\"https:\/\/www.hqwargames.com\/wp-content\/uploads\/2020\/10\/TYW_006-768x432.jpg 768w, https:\/\/www.hqwargames.com\/wp-content\/uploads\/2020\/10\/TYW_006-300x169.jpg 300w, https:\/\/www.hqwargames.com\/wp-content\/uploads\/2020\/10\/TYW_006-1024x576.jpg 1024w, https:\/\/www.hqwargames.com\/wp-content\/uploads\/2020\/10\/TYW_006.jpg 1600w\" sizes=\"(max-width: 768px) 100vw, 768px\" \/>\t\t\t\t\t\t\t\t\t\t\t\t\t\t<\/div>\n\t\t\t\t\t\t<\/div>\n\t\t\t\t<\/div>\n\t\t\t\t<div class=\"elementor-element elementor-element-a7ceed2 elementor-widget elementor-widget-heading\" data-id=\"a7ceed2\" data-element_type=\"widget\" data-widget_type=\"heading.default\">\n\t\t\t\t<div class=\"elementor-widget-container\">\n\t\t\t<h2 class=\"elementor-heading-title elementor-size-default\">Otros dise\u00f1os bajo el motor de Ageod:<\/h2>\t\t<\/div>\n\t\t\t\t<\/div>\n\t\t\t\t<div class=\"elementor-element elementor-element-3496aaf elementor-widget elementor-widget-text-editor\" data-id=\"3496aaf\" data-element_type=\"widget\" data-widget_type=\"text-editor.default\">\n\t\t\t\t<div class=\"elementor-widget-container\">\n\t\t\t\t\t\t\t\t<div class=\"elementor-text-editor elementor-clearfix\">\n\t\t\t\t<p><a href=\"https:\/\/www.hqwargames.com\/index.php\/espana-1936\/\">Espa\u00f1a: 1936<\/a><\/p><p><a href=\"https:\/\/www.hqwargames.com\/index.php\/english-civil-war\/\">English Civil War<\/a><\/p>\t\t\t\t\t<\/div>\n\t\t\t\t\t\t<\/div>\n\t\t\t\t<\/div>\n\t\t\t\t\t\t<\/div>\n\t\t\t\t\t<\/div>\n\t\t<\/div>\n\t\t\t\t\t\t\t\t<\/div>\n\t\t\t\t\t<\/div>\n\t\t<\/section>\n\t\t\t\t<section class=\"elementor-section elementor-top-section elementor-element elementor-element-8493288 elementor-section-boxed elementor-section-height-default elementor-section-height-default\" data-id=\"8493288\" data-element_type=\"section\">\n\t\t\t\t\t\t<div class=\"elementor-container elementor-column-gap-default\">\n\t\t\t\t\t\t\t<div class=\"elementor-row\">\n\t\t\t\t\t<div class=\"elementor-column elementor-col-100 elementor-top-column elementor-element elementor-element-376bd20\" data-id=\"376bd20\" data-element_type=\"column\">\n\t\t\t<div class=\"elementor-column-wrap\">\n\t\t\t\t\t\t\t<div class=\"elementor-widget-wrap\">\n\t\t\t\t\t\t\t\t<\/div>\n\t\t\t\t\t<\/div>\n\t\t<\/div>\n\t\t\t\t\t\t\t\t<\/div>\n\t\t\t\t\t<\/div>\n\t\t<\/section>\n\t\t\t\t<section class=\"elementor-section elementor-top-section elementor-element elementor-element-bf2f0ba elementor-section-boxed elementor-section-height-default elementor-section-height-default\" data-id=\"bf2f0ba\" data-element_type=\"section\">\n\t\t\t\t\t\t<div class=\"elementor-container elementor-column-gap-default\">\n\t\t\t\t\t\t\t<div class=\"elementor-row\">\n\t\t\t\t\t<div class=\"elementor-column elementor-col-100 elementor-top-column elementor-element elementor-element-264386e\" data-id=\"264386e\" data-element_type=\"column\">\n\t\t\t<div class=\"elementor-column-wrap\">\n\t\t\t\t\t\t\t<div class=\"elementor-widget-wrap\">\n\t\t\t\t\t\t\t\t<\/div>\n\t\t\t\t\t<\/div>\n\t\t<\/div>\n\t\t\t\t\t\t\t\t<\/div>\n\t\t\t\t\t<\/div>\n\t\t<\/section>\n\t\t\t\t\t\t\t\t\t<\/div>\n\t\t\t<\/div>\n\t\t\t\t\t<\/div>\n\t\t","protected":false},"excerpt":{"rendered":"<p>Thirty Years War Desde la rebeli\u00f3n bohemia hasta la intervenci\u00f3n sueca dirigida por Gustavus Adolphus, desde Dinamarca hasta el Palatinado, los jugadores pueden recrear las Campa\u00f1as de L\u00fctzen, N\u00f6rdlingen y Rocroi. En Thirty Years &#8216;War coordinar\u00e1s los movimientos de varios ej\u00e9rcitos, cuidar\u00e1s de sus suministros y fatiga y buscar\u00e1s las mejores condiciones para combatir, asediar [&hellip;]<\/p>\n","protected":false},"author":1,"featured_media":0,"parent":0,"menu_order":0,"comment_status":"closed","ping_status":"closed","template":"","meta":[],"_links":{"self":[{"href":"https:\/\/www.hqwargames.com\/index.php\/wp-json\/wp\/v2\/pages\/471"}],"collection":[{"href":"https:\/\/www.hqwargames.com\/index.php\/wp-json\/wp\/v2\/pages"}],"about":[{"href":"https:\/\/www.hqwargames.com\/index.php\/wp-json\/wp\/v2\/types\/page"}],"author":[{"embeddable":true,"href":"https:\/\/www.hqwargames.com\/index.php\/wp-json\/wp\/v2\/users\/1"}],"replies":[{"embeddable":true,"href":"https:\/\/www.hqwargames.com\/index.php\/wp-json\/wp\/v2\/comments?post=471"}],"version-history":[{"count":13,"href":"https:\/\/www.hqwargames.com\/index.php\/wp-json\/wp\/v2\/pages\/471\/revisions"}],"predecessor-version":[{"id":2130,"href":"https:\/\/www.hqwargames.com\/index.php\/wp-json\/wp\/v2\/pages\/471\/revisions\/2130"}],"wp:attachment":[{"href":"https:\/\/www.hqwargames.com\/index.php\/wp-json\/wp\/v2\/media?parent=471"}],"curies":[{"name":"wp","href":"https:\/\/api.w.org\/{rel}","templated":true}]}}