{"id":3766,"date":"2023-03-29T09:40:46","date_gmt":"2023-03-29T07:40:46","guid":{"rendered":"https:\/\/www.hqwargames.com\/?page_id=3766"},"modified":"2023-03-29T09:56:59","modified_gmt":"2023-03-29T07:56:59","slug":"la-batalla-del-jarama-febrero-1937","status":"publish","type":"page","link":"https:\/\/www.hqwargames.com\/index.php\/la-batalla-del-jarama-febrero-1937\/","title":{"rendered":"La batalla del Jarama: febrero 1937"},"content":{"rendered":"\t\t<div data-elementor-type=\"wp-page\" data-elementor-id=\"3766\" class=\"elementor elementor-3766\">\n\t\t\t\t\t\t<div class=\"elementor-inner\">\n\t\t\t\t<div class=\"elementor-section-wrap\">\n\t\t\t\t\t\t\t\t\t<section class=\"elementor-section elementor-top-section elementor-element elementor-element-ebdd517 elementor-section-boxed elementor-section-height-default elementor-section-height-default\" data-id=\"ebdd517\" data-element_type=\"section\">\n\t\t\t\t\t\t<div class=\"elementor-container elementor-column-gap-default\">\n\t\t\t\t\t\t\t<div class=\"elementor-row\">\n\t\t\t\t\t<div class=\"elementor-column elementor-col-100 elementor-top-column elementor-element elementor-element-7943526b\" data-id=\"7943526b\" data-element_type=\"column\">\n\t\t\t<div class=\"elementor-column-wrap elementor-element-populated\">\n\t\t\t\t\t\t\t<div class=\"elementor-widget-wrap\">\n\t\t\t\t\t\t<div class=\"elementor-element elementor-element-f0f19b4 elementor-widget elementor-widget-image\" data-id=\"f0f19b4\" data-element_type=\"widget\" data-widget_type=\"image.default\">\n\t\t\t\t<div class=\"elementor-widget-container\">\n\t\t\t\t\t\t\t\t<div class=\"elementor-image\">\n\t\t\t\t\t\t\t\t\t\t\t\t<img src=\"https:\/\/www.hqwargames.com\/wp-content\/uploads\/elementor\/thumbs\/Portada-Jarama-01-q47v70raqh7sccewf7h5orx8kakwcll87soai88zxo.png\" title=\"Portada Jarama-01\" alt=\"Portada Jarama-01\" \/>\t\t\t\t\t\t\t\t\t\t\t\t\t\t<\/div>\n\t\t\t\t\t\t<\/div>\n\t\t\t\t<\/div>\n\t\t\t\t<div class=\"elementor-element elementor-element-5560fe30 elementor-widget elementor-widget-text-editor\" data-id=\"5560fe30\" data-element_type=\"widget\" data-widget_type=\"text-editor.default\">\n\t\t\t\t<div class=\"elementor-widget-container\">\n\t\t\t\t\t\t\t\t<div class=\"elementor-text-editor elementor-clearfix\">\n\t\t\t\t<p><!-- wp:heading --><\/p>\n<h2>La Batalla del Jarama: febrero de 1937<\/h2>\n<p><!-- \/wp:heading --><!-- wp:image {\"id\":1298,\"align\":\"right\",\"width\":230,\"height\":303} --><\/p>\n<div><span style=\"font-size: 14px;\">Febrero de 1937. Tras la fallida ofensiva del bando nacional sobre la Madrid, el ej\u00e9rcito sublevado define otro nuevo plan de ataque con la intenci\u00f3n de cortar las comunicaciones sobre la capital. La ofensiva tendr\u00eda lugar en el sureste de Madrid, cortando la vital v\u00eda de la carretera de Valencia, que un\u00eda Madrid con Levante.<\/span><br \/><br \/><br \/><span style=\"font-size: 14px;\">La operaci\u00f3n principal consist\u00eda en alcanzar el r\u00edo Jarama, tomar sus puentes y mediante esa cabeza de puente avanzar en direcci\u00f3n hacia Arganda del Rey y posteriormente Alcal\u00e1 de Henares.<\/span><br \/><span style=\"font-size: 14px;\">Aunque inicialmente la relativa sorpresa del ataque y la debilidad de las defensas republicanas en la zona facilitaron que los planes se cumplieran seg\u00fan lo previsto, a los pocos d\u00edas la velocidad del avance fue decreciendo por la constante llegada de refuerzos republicanos.<\/span><br \/><span style=\"font-size: 14px;\"><br \/><\/span><br \/><span style=\"font-size: 14px;\">Para mediados de mes la ofensiva se hab\u00eda estancado y comenzar\u00eda una dura lucha entre ambos bandos por el control de zonas elevadas que ten\u00edan un inter\u00e9s estrat\u00e9gico.<\/span><span style=\"font-size: 14px;\">Tras una encarnizada lucha donde tanto nacionales como republicanos dejaron numerosas bajas en el campo de batalla, la lucha lleg\u00f3 a un enfrentamiento est\u00e1tico, que durar\u00eda ya para el resto de la contienda.<\/span><\/div>\n<p>\u00a0<\/p>\n<div>El juego de la Batalla del Jarama es una simulaci\u00f3n hist\u00f3rica que pretende ser fiel al desarrollo de los hechos y proporcionar a los jugadores un juego entretenido, balanceado, con m\u00faltiples escenarios definidos, donde cada bando intentar\u00e1 acometer sus distintos objetivos tal como sucedi\u00f3 en el a\u00f1o 37.\u00a0Se ha realizado una investigaci\u00f3n lo m\u00e1s rigurosa posible tanto del terreno representado en el mapa de juego como de las fuerzas involucradas en la batalla para cada bando.<br \/><br \/>El juego est\u00e1 dise\u00f1ado como una representaci\u00f3n a escala gran t\u00e1ctica, en la que los hex\u00e1gonos representan 500m. Las unidades presentes var\u00edan entre secciones como las m\u00e1s peque\u00f1as o compa\u00f1\u00edas las mayores. Todas ellas integradas en unidades mayores como regimientos, brigadas o divisiones.Cada turno de juego representa 2 horas de tiempo real, pero a su vez dividido en m\u00faltiples y variables activaciones, donde los jugadores llevar\u00e1n acabo acciones con sus unidades con ciertas limitaciones.<br \/>El juego utiliza el sistema de &#8220;chit pull&#8221; (extracci\u00f3n de chits), mediante el cual se extraen fichas de activaci\u00f3n de un contenedor opaco, las cuales determinan que unidades podr\u00e1n realizar acciones en cada momento.El n\u00famero de activaciones por turno ser\u00e1 variable, lo cual generar\u00e1 cierta incertidumbre en los jugadores, ya que no sabr\u00e1n si podr\u00e1n activar todas sus unidades seg\u00fan lo previsto. Esto simula las dificultades de ejercer el mando directo sobre todas las unidades y los retrasos en la ejecuci\u00f3n de \u00f3rdenes emitidas por el alto mando.<\/div>\n<p>\u00a0<\/p>\n<p>Se plantea el juego desde m\u00faltiples escenarios, pudiendo los jugadores elegir el grado de complejidad y duraci\u00f3n que quieren abordar en la partida, estando definidos los siguientes escenarios (<i>nombre orientativo, con posibilidad de cambio en la versi\u00f3n final<\/i>):<\/p>\n<p>&#8211; Escenario 1: V\u00e9rtice Coberteras (1 mapa individual reducido)<\/p>\n<p>&#8211; Escenario 2: Asalto al Jarama (utiliza solo la mitad izquierda del mapa total)<\/p>\n<p>&#8211; Escenario 3: La colina del suicidio\u00a0<span style=\"font-family: Roboto, sans-serif; font-size: 14px; font-style: normal; font-variant-ligatures: normal; font-variant-caps: normal; font-weight: 400;\">(1 mapa individual reducido)<\/span><\/p>\n<p>&#8211; Escenario 4: Asalto al Pingarr\u00f3n\u00a0<span style=\"font-family: Roboto, sans-serif; font-size: 14px; font-style: normal; font-variant-ligatures: normal; font-variant-caps: normal; font-weight: 400;\">(1 mapa individual reducido)<\/span><\/p>\n<p><span style=\"font-family: Roboto, sans-serif; font-size: 14px; font-style: normal; font-variant-ligatures: normal; font-variant-caps: normal; font-weight: 400;\">&#8211; Escenario 5: \u00a1Recuperen el espol\u00f3n! (1 mapa individual reducido)<\/span><\/p>\n<p><span style=\"font-family: Roboto, sans-serif; font-size: 14px; font-style: normal; font-variant-ligatures: normal; font-variant-caps: normal; font-weight: 400;\">&#8211; Escenario 6: La Batalla del Jarama (mapa completo)<\/span><\/p>\n<p><!-- \/wp:paragraph --><!-- wp:paragraph --><\/p>\n<p><!-- \/wp:button --><\/p>\t\t\t\t\t<\/div>\n\t\t\t\t\t\t<\/div>\n\t\t\t\t<\/div>\n\t\t\t\t<div class=\"elementor-element elementor-element-e60e5de elementor-widget elementor-widget-image\" data-id=\"e60e5de\" data-element_type=\"widget\" data-widget_type=\"image.default\">\n\t\t\t\t<div class=\"elementor-widget-container\">\n\t\t\t\t\t\t\t\t<div class=\"elementor-image\">\n\t\t\t\t\t\t\t\t\t<figure class=\"wp-caption\">\n\t\t\t\t\t\t\t\t\t\t\t<a href=\"https:\/\/www.hqwargames.com\/wp-content\/uploads\/2023\/03\/JaramaMapaWeb-01.png\" data-elementor-open-lightbox=\"yes\" data-elementor-lightbox-title=\"JaramaMapaWeb-01\" e-action-hash=\"#elementor-action%3Aaction%3Dlightbox%26settings%3DeyJpZCI6Mzg2MywidXJsIjoiaHR0cHM6XC9cL3d3dy5ocXdhcmdhbWVzLmNvbVwvd3AtY29udGVudFwvdXBsb2Fkc1wvMjAyM1wvMDNcL0phcmFtYU1hcGFXZWItMDEucG5nIn0%3D\">\n\t\t\t\t\t\t\t<img width=\"1024\" height=\"689\" src=\"https:\/\/www.hqwargames.com\/wp-content\/uploads\/2023\/03\/JaramaMapaWeb-01-1024x689.png\" class=\"attachment-large size-large\" alt=\"\" loading=\"lazy\" srcset=\"https:\/\/www.hqwargames.com\/wp-content\/uploads\/2023\/03\/JaramaMapaWeb-01-1024x689.png 1024w, https:\/\/www.hqwargames.com\/wp-content\/uploads\/2023\/03\/JaramaMapaWeb-01-300x202.png 300w, https:\/\/www.hqwargames.com\/wp-content\/uploads\/2023\/03\/JaramaMapaWeb-01-768x517.png 768w, https:\/\/www.hqwargames.com\/wp-content\/uploads\/2023\/03\/JaramaMapaWeb-01-1536x1033.png 1536w, https:\/\/www.hqwargames.com\/wp-content\/uploads\/2023\/03\/JaramaMapaWeb-01-2048x1377.png 2048w\" sizes=\"(max-width: 1024px) 100vw, 1024px\" \/>\t\t\t\t\t\t\t\t<\/a>\n\t\t\t\t\t\t\t\t\t\t\t<figcaption class=\"widget-image-caption wp-caption-text\">Versi\u00f3n de test<\/figcaption>\n\t\t\t\t\t\t\t\t\t\t<\/figure>\n\t\t\t\t\t\t\t\t<\/div>\n\t\t\t\t\t\t<\/div>\n\t\t\t\t<\/div>\n\t\t\t\t<div class=\"elementor-element elementor-element-698de8c elementor-widget elementor-widget-text-editor\" data-id=\"698de8c\" data-element_type=\"widget\" data-widget_type=\"text-editor.default\">\n\t\t\t\t<div class=\"elementor-widget-container\">\n\t\t\t\t\t\t\t\t<div class=\"elementor-text-editor elementor-clearfix\">\n\t\t\t\t<h4 style=\"font-variant-ligatures: normal; font-variant-caps: normal; font-family: Roboto, sans-serif; font-style: normal;\">Componentes del juego:<\/h4>\n<p style=\"font-variant-ligatures: normal; font-variant-caps: normal; font-family: Roboto, sans-serif; font-size: 14px; font-style: normal; font-weight: 400; color: #515050;\">\u00a0<\/p>\n<ul style=\"font-variant-ligatures: normal; font-variant-caps: normal; font-family: Roboto, sans-serif; font-size: 14px; font-style: normal; font-weight: 400; color: #515050;\">\n<li style=\"font-size: 14px;\">Mapa de dimensiones por definir<\/li>\n<li style=\"font-size: 14px;\">2 mapas de escenarios de tama\u00f1o variable<\/li>\n<li style=\"font-size: 14px;\">Numerosas fichas y marcadores a doble cara de 16mm<\/li>\n<li style=\"font-size: 14px;\">1 Reglamento a todo color<\/li>\n<li style=\"font-size: 14px;\">1 Libro de escenarios<\/li>\n<li style=\"font-size: 14px;\">1 Hoja de registro general<\/li>\n<li style=\"font-size: 14px;\">2 Hojas de ayuda al jugador (1 por jugador)<\/li>\n<li style=\"font-size: 14px;\">2 Hojas de formaciones republicanas<\/li>\n<li style=\"font-size: 14px;\">3 Hojas de formaciones nacionales<\/li>\n<li style=\"font-size: 14px;\">1 Dado de 10 caras<\/li>\n<\/ul>\n<p style=\"font-variant-ligatures: normal; font-variant-caps: normal; font-family: Roboto, sans-serif; font-size: 14px; font-style: normal; font-weight: 400; color: #515050;\">\u00a0<\/p>\n<figure style=\"font-variant-ligatures: normal; font-variant-caps: normal; font-family: Roboto, sans-serif; font-size: 14px; font-style: normal; font-weight: 400; color: #515050;\"><\/figure>\n<p style=\"font-variant-ligatures: normal; font-variant-caps: normal; font-family: Roboto, sans-serif; font-size: 14px; font-style: normal; font-weight: 400; color: #515050;\">\u00a0<\/p>\n<p style=\"font-variant-ligatures: normal; font-variant-caps: normal; font-family: Roboto, sans-serif; font-size: 14px; font-style: normal; font-weight: 400; color: #515050;\">La Batalla del Jarama es un juego en pleno desarrollo. No obstante, el aspecto de los componentes de prueba ser\u00e1n muy similares al aspecto general final de la versi\u00f3n de producci\u00f3n.<\/p>\n<p style=\"font-variant-ligatures: normal; font-variant-caps: normal; font-family: Roboto, sans-serif; font-size: 14px; font-style: normal; font-weight: 400; color: #515050;\">El juego estar\u00e1 disponible tan pronto como se termine con su desarrollo y testeo. Al finalizar esa \u00faltima fase se llevar\u00e1 a cabo una campa\u00f1a de financiaci\u00f3n mediante una plataforma de Crowdfunding.<\/p>\t\t\t\t\t<\/div>\n\t\t\t\t\t\t<\/div>\n\t\t\t\t<\/div>\n\t\t\t\t<div class=\"elementor-element elementor-element-e1040c5 elementor-widget elementor-widget-image\" data-id=\"e1040c5\" data-element_type=\"widget\" data-widget_type=\"image.default\">\n\t\t\t\t<div class=\"elementor-widget-container\">\n\t\t\t\t\t\t\t\t<div class=\"elementor-image\">\n\t\t\t\t\t\t\t\t\t<figure class=\"wp-caption\">\n\t\t\t\t\t\t\t\t\t\t<img width=\"1024\" height=\"658\" src=\"https:\/\/www.hqwargames.com\/wp-content\/uploads\/2023\/03\/FichasWeb-1024x658.png\" class=\"attachment-large size-large\" alt=\"\" loading=\"lazy\" srcset=\"https:\/\/www.hqwargames.com\/wp-content\/uploads\/2023\/03\/FichasWeb-1024x658.png 1024w, https:\/\/www.hqwargames.com\/wp-content\/uploads\/2023\/03\/FichasWeb-300x193.png 300w, https:\/\/www.hqwargames.com\/wp-content\/uploads\/2023\/03\/FichasWeb-768x493.png 768w, https:\/\/www.hqwargames.com\/wp-content\/uploads\/2023\/03\/FichasWeb.png 1494w\" sizes=\"(max-width: 1024px) 100vw, 1024px\" \/>\t\t\t\t\t\t\t\t\t\t\t<figcaption class=\"widget-image-caption wp-caption-text\">Versi\u00f3n de test<\/figcaption>\n\t\t\t\t\t\t\t\t\t\t<\/figure>\n\t\t\t\t\t\t\t\t<\/div>\n\t\t\t\t\t\t<\/div>\n\t\t\t\t<\/div>\n\t\t\t\t<div class=\"elementor-element elementor-element-014cabe elementor-widget elementor-widget-text-editor\" data-id=\"014cabe\" data-element_type=\"widget\" data-widget_type=\"text-editor.default\">\n\t\t\t\t<div class=\"elementor-widget-container\">\n\t\t\t\t\t\t\t\t<div class=\"elementor-text-editor elementor-clearfix\">\n\t\t\t\t\t\t\t\t\t<\/div>\n\t\t\t\t\t\t<\/div>\n\t\t\t\t<\/div>\n\t\t\t\t\t\t<\/div>\n\t\t\t\t\t<\/div>\n\t\t<\/div>\n\t\t\t\t\t\t\t\t<\/div>\n\t\t\t\t\t<\/div>\n\t\t<\/section>\n\t\t\t\t\t\t\t\t\t<\/div>\n\t\t\t<\/div>\n\t\t\t\t\t<\/div>\n\t\t","protected":false},"excerpt":{"rendered":"<p>La Batalla del Jarama: febrero de 1937 Versi\u00f3n de test Componentes del juego: Mapa de dimensiones por definir 2 mapas de escenarios de tama\u00f1o variable Numerosas fichas y marcadores a doble cara de 16mm 1 Reglamento a todo color 1 Libro de escenarios 1 Hoja de registro general 2 Hojas de ayuda al jugador (1 [&hellip;]<\/p>\n","protected":false},"author":6,"featured_media":0,"parent":0,"menu_order":0,"comment_status":"closed","ping_status":"closed","template":"","meta":[],"_links":{"self":[{"href":"https:\/\/www.hqwargames.com\/index.php\/wp-json\/wp\/v2\/pages\/3766"}],"collection":[{"href":"https:\/\/www.hqwargames.com\/index.php\/wp-json\/wp\/v2\/pages"}],"about":[{"href":"https:\/\/www.hqwargames.com\/index.php\/wp-json\/wp\/v2\/types\/page"}],"author":[{"embeddable":true,"href":"https:\/\/www.hqwargames.com\/index.php\/wp-json\/wp\/v2\/users\/6"}],"replies":[{"embeddable":true,"href":"https:\/\/www.hqwargames.com\/index.php\/wp-json\/wp\/v2\/comments?post=3766"}],"version-history":[{"count":26,"href":"https:\/\/www.hqwargames.com\/index.php\/wp-json\/wp\/v2\/pages\/3766\/revisions"}],"predecessor-version":[{"id":3894,"href":"https:\/\/www.hqwargames.com\/index.php\/wp-json\/wp\/v2\/pages\/3766\/revisions\/3894"}],"wp:attachment":[{"href":"https:\/\/www.hqwargames.com\/index.php\/wp-json\/wp\/v2\/media?parent=3766"}],"curies":[{"name":"wp","href":"https:\/\/api.w.org\/{rel}","templated":true}]}}